base 7) to base 2.
0
Convert -4 (base 9) to base 13.
-4
What is -2 (base 5) in base 6?
-2
Convert -144 (base 6) to base 9.
-71
-1011 (base 2) to base 14
-b
What is -8 (base 14) in base 2?
-1000
Convert 3 (base 14) to base 3.
10
d (base 15) to base 12
11
What is -36 (base 12) in base 7?
-60
Convert 4 (base 11) to base 16.
4
Convert -303 (base 4) to base 8.
-63
31 (base 6) to base 13
16
Convert 0 (base 3) to base 6.
0
-33 (base 4) to base 14
-11
Convert -4 (base 16) to base 15.
-4
What is 1 (base 16) in base 9?
1
-142 (base 13) to base 4
-3133
What is 6 (base 10) in base 12?
6
1024 (base 5) to base 7
256
Convert 421 (base 5) to base 8.
157
Convert 10 (base 2) to base 12.
2
What is 0 (base 13) in base 9?
0
What is -d1 (base 15) in base 13?
-121
What is -6 (base 16) in base 10?
-6
What is 20 (base 7) in base 6?
22
-a (base 16) to base 15
-a
-16 (base 15) to base 6
-33
Convert -221 (base 7) to base 8.
-161
-2 (base 16) to base 2
-10
What is 2 (base 15) in base 13?
2
-12012 (base 3) to base 10
-140
2012 (base 4) to base 15
8e
-b4 (base 14) to base 6
-422
What is 14 (base 13) in base 10?
17
1404 (base 6) to base 11
301
148 (base 11) to base 15
b8
1 (base 7) to base 14
1
What is -10 (base 3) in base 4?
-3
2 (base 14) to base 7
2
-2e (base 16) to base 10
-46
What is 31 (base 6) in base 3?
201
Convert 7 (base 9) to base 12.
7
Convert 60 (base 14) to base 6.
220
-1 (base 14) to base 11
-1
What is 3 (base 4) in base 5?
3
7 (base 12) to base 3
21
Convert -33 (base 7) to base 13.
-1b
What is -1 (base 2) in base 16?
-1
6 (base 9) to base 4
12
404 (base 6) to base 5
1043
What is -10 (base 4) in base 7?
-4
-3 (base 12) to base 3
-10
What is -111 (base 6) in base 12?
-37
Convert c (base 15) to base 8.
14
What is 7 (base 9) in base 5?
12
-1011 (base 2) to base 10
-11
0 (base 6) to base 4
0
-11 (base 12) to base 5
-23
What is -b (base 13) in base 16?
-b
What is 118 (base 9) in base 12?
82
Convert 1102 (base 3) to base 13.
2c
What is 20 (base 4) in base 13?
8
-d2 (base 15) to base 11
-16a
31 (base 7) to base 13
19
Convert 3 (base 7) to base 13.
3
Convert 3 (base 7) to base 4.
3
Convert 21 (base 4) to base 2.
1001
What is 11 (base 3) in base 9?
4
1001 (base 5) to base 12
a6
Convert 24 (base 14) to base 5.
112
What is 4 (base 5) in base 6?
4
0 (base 16) to base 10
0
1 (base 15) to base 11
1
-3 (base 11) to base 6
-3
-b (base 16) to base 14
-b
-37 (base 12) to base 6
-111
What is 123 (base 5) in base 15?
28
Convert 1110001 (base 2) to base 11.
a3
-1 (base 7) to base 6
-1
Convert -2a (base 15) to base 2.
-101000
Convert 12 (base 4) to base 15.
6
-9 (base 11) to base 13
-9
-111111 (base 2) to base 9
-70
33 (base 6) to base 5
41
Convert 10 (base 4) to base 14.
4
-65 (base 16) to base 8
-145
15 (base 14) to base 7
25
Convert 110 (base 2) to base 7.
6
0 (base 15) to base 11
0
-27 (base 16) to base 7
-54
18 (base 13) to base 5
41
-3b (base 16) to base 8
-73
What is -b (base 13) in base 16?
-b
-16 (base 10) to base 9
-17
-14 (base 6) to base 2
-1010
Convert -1e (base 15) to base 7.
-41
What is -212 (base 4) in base 10?
-38
Convert -11 (base 7) to base 8.
-10
What is 0 (base 15) in base 9?
0
What is 103 (base 9) in base 15?
59
Convert 7 (base 8) to base 11.
7
Convert -27 (base 13) to base 10.
-33
Convert 23 (base 12) to base 4.
123
What is -1100 (base 2) in base 5?
-22
Convert 16 (base 11) to base 10.
17
What is 16 (base 12) in base 9?
20
Convert -2 (base 16) to base 12.
-2
Convert 2 (base 8) to base 14.
2
Convert 1 (base 7) to base 13.
1
Convert 12 (base 4) to base 7.
6
10 (base 10) to base 12
a
What is -32 (base 10) in base 3?
-1012
Convert 3 (base 9) to base 12.
3
-a (base 13) to base 4
-22
-4 (base 9) to base 16
-4
-c (base 15) to base 7
-15
9 (base 13) to base 4
21
Convert -1 (base 8) to base 10.
-1
What is -1 (base 16) in base 2?
-1
What is -1101101 (base 2) in base 12?
-91
48 (base 10) to base 16
30
Convert -111 (base 7) to base 5.
-212
0 (base 15) to base 7
0
Convert 137 (base 8) to base 15.
65
Convert 7 (base 13) to base 9.
7
What is -40 (base 6) in base 9?
-26
2 (base 14) to base 3
2
What is 7 (base 16) in base 9?
7
What is -10122 (base 3) in base 6?
-242
-11 (base 2) to base 10
-3
Convert 1 (base 10) to base 5.
1
-65 (base 8) to base 5
-203
5 (base 11) to base 14
5
Convert 5 (base 7) to base 9.
5
Convert 9 (base 16) to base 4.
21
6 (base 7) to base 15
6
What is 10 (base 15) in base 5?
30
Convert -1b3 (base 14) to base 15.
-188
Convert -1 (base 11) to base 3.
-1
48 (base 10) to base 4
300
a (base 11) to base 10
10
What is 1111 (base 2) in base 3?
120
What is 1200 (base 4) in base 14?
6c
What is 47 (base 14) in base 4?
333
Convert 1 (base 3) to base 15.
1
What is 1432 (base 6) in base 7?
1052
What is -7 (base 10) in base 9?
-7
1001101 (base 2) to base 10
77
Convert -3 (base 6) to base 15.
-3
What is -11 (base 11) in base 12?
-10
Convert 3 (base 12) to base 13.
3
1 (base 3) to base 12
1
Convert -101 (base 2) to base 3.
-12
Convert 114 (base 15) to base 4.
3310
-18 (base 13) to base 7
-30
What is -10 (base 3) in base 16?
-3
What is -12 (base 8) in base 12?
-a
What is 1b (base 16) in base 3?
1000
What is 0 (base 13) in base 9?
0
Convert 212 (base 6) to base 5.
310
What is -1a (base 13) in base 8?
-27
1010 (base 2) to base 4
22
What is b6 (base 14) in base 9?
187
111 (base 2) to base 6
11
Convert 11 (base 12) to base 6.
21
Convert 15 (base 13) to base 11.
17
What is -a (base 12) in base 14?
-a
-20 (base 3) to base 9
-6
What is -23 (base 15) in base 13?
-27
What is -6 (base 14) in base 7?
-6
-12102 (base 3) to base 4
-2102
What is 1 (base 14) in base 15?
1
Convert -233 (base 7) to base 14.
-8a
What is 31 (base 7) in base 6?
34
Convert -12 (base 3) to base 5.
-10
Convert -11320 (base 4) to base 3.
-111221
-2 (base 3) to base 8
-2
Convert -5 (base 15) to base 6.
-5
0 (base 13) to base 8
0
What is -3c (base 14) in base 4?
-312
-140 (base 6) to base 16
-3c
-20 (base 14) to base 7
-40
What is 11 (base 7) in base 9?
8
-13 (base 10) to base 3
-111
-2 (base 3) to base 14
-2
4 (base 14) to base 2
100
-2 (base 9) to base 16
-2
What is 47 (base 14) in base 15?
43
What is 197 (base 12) in base 11?
216
-145 (base 7) to base 4
-1102
Convert 101 (base 2) to base 5.
10
Convert 153 (base 8) to base 6.
255
Convert 0 (base 4) to base 7.
0
What is 17 (base 16) in base 6?
35
What is -27 (base 14) in base 13?
-29
-1 (base 10) to base 12
-1
-2 (base 5) to base 9
-2
-2 (base 7) to base 14
-2
8 (base 10) to base 15
8
What is 3 (base 8) in base 7?
3
What is -49 (base 14) in base 7?
-122
What is 1 (base 7) in base 8?
1
What is 2 (base 6) in base 11?
2
What is 431 (base 6) in base 3?
20001
What is -32 (base 4) in base 9?
-15
What is 235 (base 10) in base 5?
1420
Convert 34 (base 9) to base 7.
43
What is 8 (base 14) in base 10?
8
What is -6b (base 15) in base 14?
-73
-1 (base 9) to base 8
-1
-9 (base 11) to base 8
-11
2 (base 15) to base 5
2
Convert 6 (base 7) to base 11.
6
What is -31 (base 4) in base 16?
-d
What is -2 (base 11) in base 10?
-2
What is 11 (base 2) in base 14?
3
Convert -78 (base 9) to base 15.
-4b
1 (base 4) to base 7
1
Convert 77 (base 15) to base 4.
1300
What is -4 (base 7) in base 8?
-4
What is 5 (base 14) in base 5?
10
Convert -3 (base 4) to base 15.
-3
What is -2 (base 11) in base 16?
-2
Convert -443 (base 7) to base 10.
-227
Convert 181 (base 11) to base 4.
3102
7 (base 16) to base 10
7
7 (base 9) to base 11
7
What is -15 (base 7) in base 2?
-1100
2300 (base 4) to base 12
128
Convert 12 (base 9) to base 12.
b
Convert 10101 (base 4) to base 9.
333
Convert -101 (base 15) to base 8.
-342
124 (base 9) to base 6
251
1000 (base 3) to base 12
23
-413 (base 7) to base 15
-db
24 (base 8) to base 11
19
Convert -213 (base 9) to base 4.
-2232
What is -26 (base 12) in base 5?
-110
What is -17 (base 8) in base 5?
-30
Convert 1122 (base 3) to base 6.
112
1000 (base 2) to base 5
13
Convert d (base 16) to base 13.
10
What is -3 (base 5) in base 11?
-3
What is 4 (base 5) in base 11?
4
21 (base 12) to base 15
1a
Convert 0 (base 3) to base 12.
0
What is -84 (base 15) in base 8?
-174
-24 (base 16) to base 3
-1100
What is -10010 (base 2) in base 15?
-13
3 (base 11) to base 9
3
Convert -246 (base 12) to base 11.
-291
What is -4 (base 11) in base 12?
-4
Convert -12 (base 3) to base 15.
-5
-10 (b